{"id":210,"date":"2020-03-15T21:00:07","date_gmt":"2020-03-15T21:00:07","guid":{"rendered":"http:\/\/musicandbooks.de\/?page_id=210"},"modified":"2022-04-24T22:11:31","modified_gmt":"2022-04-24T22:11:31","slug":"aktuelles","status":"publish","type":"page","link":"https:\/\/musicandbooks.de\/index.php\/aktuelles\/","title":{"rendered":"Aktuelles"},"content":{"rendered":"\n<p><\/p>\n\n\n\n<p>Liebe Kunden, <\/p>\n\n\n\n<p>wir haben dienstags und mittwochs &#8220;manchmal&#8221; ge\u00f6ffnet. Einfach anrufen, wenn jemand abhebt, sind wir da.<\/p>\n\n\n\n<p>Musicandbooks, 21.04.2022<\/p>\n\n\n\n<p>Liebe Kunden,<\/p>\n\n\n\n<p>   ab Montag, den 08.03.2021 zum Weltfrauentag k\u00f6nnen wir wieder unsere T\u00fcren \u00f6ffnen! Ohne Voranmeldung, maximal 13 Person auf einmal. Hat jemand schonmal erw\u00e4hnt, dass im Laden die FFP2 Masken Pflicht sind, und dass Ihr Euch bitte die H\u00e4nde desinfiziert? F\u00fcr die H\u00e4nde haben wir nat\u00fcrlich was an der Theke. Passt einfach etwas aufeinander auf, dann klappts schon! Wir freuen uns auf Euch!<\/p>\n\n\n\n<p>Musicandbooks, 07.03.2021<\/p>\n\n\n\n<p><\/p>\n\n\n\n<p>Liebe Kunden,<\/p>\n\n\n\n<p>   unser Laden in M\u00fcnchen wurde zum 28.02.2021 aufgel\u00f6st. Die Ware wurde in unser N\u00fcrnberger Gesch\u00e4ft integriert, Gutscheine aus M\u00fcnchen sind noch bis Ende 2021 in N\u00fcrnberg g\u00fcltig. Wir bedanken uns bei unseren wundervollen M\u00fcnchner Kunden. Die 30 Jahre dort haben uns Spa\u00df gemacht! Ich (Jan) freu mich auf Emails und beantworte sie gerne ab April. Im M\u00e4rz verdaue ich erstmal meine Entscheidung. Bitte schaut doch gerne in N\u00fcrnberg vorbei, wir freuen uns!<\/p>\n\n\n\n<p>musicandbooks, 02.M\u00e4rz 2021<\/p>\n\n\n\n<p><\/p>\n\n\n\n<p>Liebe Kunden,<\/p>\n\n\n\n<p>   wir stehen zu 100% hinter dem Lockdown und begr\u00fc\u00dfen auch eine Verl\u00e4ngerung zum Wohle unser aller Gesundheit. Nat\u00fcrlich schmerzt es finanziell sehr, wenn wir aktuell unser Gesch\u00e4ft geschlossen halten, aber wir tun unser Bestes, in der Auszeit die L\u00e4den auf Vorderfrau\/mann zu bringen.<\/p>\n\n\n\n<p>Wir freuen uns darauf, wenn es wieder weitergeht!<\/p>\n\n\n\n<p><\/p>\n\n\n\n<p>Die au\u00dfergew\u00f6hnliche Situation verlangt uns allen einiges ab, aber solange wir zusammenhalten, werden wir da auch durchkommen. Bitte lasst uns wissen, wenn Ihr Verbesserungen, Anregungen etc. habt, denn gerade in diesen Zeiten, in denen alles &#8220;NEU&#8221; ist, sieht man mit mehreren Augen doch viel besser als nur mit zweien. <\/p>\n\n\n\n<p>Wir w\u00fcnschen Euch und uns allen das Beste, R\u00fccksicht, Vorsicht und ganz viel Lebensfreude, und nat\u00fcrlich viel Spa\u00df bei uns im Laden, sobald dies wieder m\u00f6glich ist!<\/p>\n\n\n\n<p>Danke! <\/p>\n\n\n\n<p>Musicandbooks, 05.01.2021<\/p>\n","protected":false},"excerpt":{"rendered":"<p>Liebe Kunden, wir haben dienstags und mittwochs &#8220;manchmal&#8221; ge\u00f6ffnet. Einfach anrufen, wenn jemand abhebt, sind wir da. Musicandbooks, 21.04.2022 Liebe Kunden, ab Montag, den 08.03.2021 [&hellip;]<\/p>\n","protected":false},"author":1,"featured_media":0,"parent":0,"menu_order":0,"comment_status":"closed","ping_status":"closed","template":"","meta":{"footnotes":""},"class_list":["post-210","page","type-page","status-publish","hentry"],"_links":{"self":[{"href":"https:\/\/musicandbooks.de\/index.php\/wp-json\/wp\/v2\/pages\/210","targetHints":{"allow":["GET"]}}],"collection":[{"href":"https:\/\/musicandbooks.de\/index.php\/wp-json\/wp\/v2\/pages"}],"about":[{"href":"https:\/\/musicandbooks.de\/index.php\/wp-json\/wp\/v2\/types\/page"}],"author":[{"embeddable":true,"href":"https:\/\/musicandbooks.de\/index.php\/wp-json\/wp\/v2\/users\/1"}],"replies":[{"embeddable":true,"href":"https:\/\/musicandbooks.de\/index.php\/wp-json\/wp\/v2\/comments?post=210"}],"version-history":[{"count":17,"href":"https:\/\/musicandbooks.de\/index.php\/wp-json\/wp\/v2\/pages\/210\/revisions"}],"predecessor-version":[{"id":701,"href":"https:\/\/musicandbooks.de\/index.php\/wp-json\/wp\/v2\/pages\/210\/revisions\/701"}],"wp:attachment":[{"href":"https:\/\/musicandbooks.de\/index.php\/wp-json\/wp\/v2\/media?parent=210"}],"curies":[{"name":"wp","href":"https:\/\/api.w.org\/{rel}","templated":true}]}}